(-2)/(-890)) prime?
False
Suppose -2106235 = -5*l + 6*i, -5*i - 3233950 = -7*l - 285238. Is l a prime number?
True
Let u(p) = -10*p - 148. Let s be u(-15). Suppose 36013 = 16*h - 13*h + 4*q, s*q + 12021 = h. Is h composite?
False
Let t = 63 + -122. Let c = t - -63. Suppose w - 2 + 1 = 0, -16153 = -c*u + 3*w. Is u a composite number?
True
Let x = -18 + 21. Let d be (x - 1) + 2*64. Let u = 197 - d. Is u prime?
True
Let y(l) = -4*l**3 - l**2 - l. Let v be y(-1). Suppose 0*g - 5*g - v*b + 153171 = 0, -2*g = b - 61266. Is g composite?
False
Let q = 57 + -45. Suppose 0 = q*y - 10*y. Suppose -3*j + 3*d = 2*j - 12883, y = -2*d + 8. Is j a prime number?
True
Suppose q - 7 = -n - 1, n - 4 = -2*q. Suppose 4*c = 5*s - n, c - 2 = 1. Is (1*s/4)/(2/830) prime?
False
Let r(u) = u**2 + 2*u + 4. Let p be r(0). Suppose -3*k + 4*l + 0*l + 570 = 0, k - 198 = p*l. Suppose -x = k - 505. Is x a composite number?
True
Suppose 0 = 4*u - 2*n - 23470 - 33554, 71266 = 5*u + n. Suppose 2*y = -2*q + u, -q - 2*q + y = -21397. Is q a composite number?
True
Suppose 2462494 = -101*y + 14226873. Is y a prime number?
False
Let w(z) = -2*z**3 - 19*z**2 + 34*z + 12. Let v be w(-11). Is (2729 - 19) + (-1)/v*5 prime?
False
Let h = 38 - 84. Let f = h - -49. Suppose -3*u + 30 = -f*c, -4*u - 3*c = 11 - 58. Is u prime?
True
Let h(n) = -2*n - 25. Suppose 16*o = 18*o + 32. Let a be h(o). Suppose a*t - 289 = 1762. Is t a prime number?
True
Let i = 2317 - -42282. Suppose 0 = 5*s + c + 13083 - 68825, -c = -4*s + i. Is s a composite number?
False
Suppose -1761380 = -4*s - r, -s + 2*r + 132164 = -308181. Is s prime?
False
Let i = 779156 - 324111. Is i a prime number?
False
Suppose 182 = 33*v - 82. Is -3134*(v - (8 - 5))/(-2) a composite number?
True
Let i(m) = -92*m + 10. Let h = -91 + 82. Let u be i(h). Let o = -503 + u. Is o prime?
False
Let a = -18992 + 32850. Suppose 4780 = -6*j + a. Is j a prime number?
False
Let m(t) = -9 - 10 - 2*t**3 + 11*t**2 + t**3 + 20*t + 5*t**2. Suppose -75 = -8*i + 53. Is m(i) a prime number?
False
Let y be (15 - 14)*54/(-2 + 3). Let v = -50 + y. Suppose 0 = v*b - 1218 + 150. Is b prime?
False
Suppose 3*i = -10*j + 11*j - 149117, -2*j + 5*i = -298238. Is j composite?
True
Let j be (1062/(-27))/(2/156). Let d = -2086 - j. Suppose m - 67 - d = 0. Is m composite?
False
Let q = -6215 - -8262. Is q a composite number?
True
Let i(m) = m - 1. Let a(y) = 8*y + 33. Let o(u) = a(u) - 6*i(u). Is o(19) a prime number?
False
Is (1*19/(-38))/(2*5/(-15519220)) composite?
True
Suppose 2*n + 13 = -5. Let r be 4290/25*(-60)/n. Let d = -653 + r. Is d a composite number?
False
Let a be (-4)/(-12)*9/3. Is (-2518*a)/(25 - 27) a composite number?
False
Suppose 40 = -5*g - w, -5*w + 4 = -g - 4. Let y(b) = -200*b - 3. Is y(g) a composite number?
False
Suppose 0 = 5*a + 18 - 33. Suppose -5*x = 4*i - 10*x - 1451, -723 = -2*i + a*x. Let n = i + 440. Is n prime?
True
Let t(b) be the third derivative of 277*b**4/12 - 35*b**3/2 + 89*b**2 - 1. Is t(8) prime?
True
Suppose -3433893 + 48136 = -284*f + 606431. Is f a composite number?
False
Let j be 1/(-3) - 197329/(-3). Suppose 23*p + j = 205409. Is p a composite number?
True
Let v(u) = 28251*u - 1. Is v(22) prime?
True
Is (-61042)/(-2) + (56/6)/(3584/3072) composite?
False
Suppose 3708 = -7*p + 24379. Let m = p + 6696. Is m a prime number?
True
Let k(w) = -967*w**3 + 3*w**2 + 2*w + 1. Let l be k(-1). Suppose 8*n - l = 1495. Suppose -n - 765 = -z. Is z composite?
True
Suppose -3*r = -0*x + 2*x - 39, r - 13 = 2*x. Suppose 5*q - 58 = -r. Suppose q*c - 1277 = 8*c. Is c a composite number?
False
Is (-2)/4 + -6 + (-7254913)/(-46) a prime number?
False
Let q = 183 + -179. Suppose b + 14062 = 5*r, -7861 - 6216 = -5*r - q*b. Is r prime?
False
Let w(q) = q + 28. Let f be w(-31). Is 349 - (-2 - (f - 2)) prime?
False
Let y = -362 - -620. Let h = 380 - y. Is h prime?
False
Let s(q) = -q**3 + 6*q**2 + 20*q + 4. Let f be s(-3). Suppose 7701 = f*y - 1174. Is y prime?
False
Suppose -4*y = -0*k + 4*k - 64, -y - 3 = 0. Let w = 895 + k. Let f = w - 607. Is f composite?
False
Let r(u) = 110*u**2 + 2*u - 21. Is r(72) a composite number?
True
Suppose 14*x = -20*x + 24*x - 10*x. Suppose -g - 5*t = -5292, -3*g - 5651 + 21538 = 4*t. Suppose 5*o + x*z - g = -2*z, 1065 = o - z. Is o a prime number?
True
Let d(n) = -15*n - 18*n**2 + 12*n**2 - 8 + 1 - 2*n**3 - 6*n**2. Is d(-12) composite?
False
Suppose 91*i = 94*i - 51135. Suppose 27*v = -8*v + i. Is v a prime number?
True
Let q(d) = 5101*d - 111. Let n be q(13). Let m = n + -31703. Is m a prime number?
True
Let a be 27/5 - 10/25. Suppose -2*h + 2*s = -3*s + 8, -2*h + 4*s = 4. Suppose -a*x = h*x - 21373. Is x composite?
True
Is (16/12)/(((-4514073)/902817 - 1) + 6) a prime number?
True
Let b(n) = 188*n**2 + 8*n + 10. Let k be b(-8). Suppose 0 = 11*c + k - 61621. Is c prime?
True
Let w(r) = 9*r**2 - 34*r + 86. Suppose x = 3, 2*z + 2*z + x - 103 = 0. Is w(z) a composite number?
False
Let s = -2633 + 4606. Is s a composite number?
False
Suppose 0 = -3*c - 3*b + 140361, -c + 35490 + 11309 = 4*b. Is c a prime number?
False
Is (-225362)/(300/(-250)*5/3) prime?
False
Suppose 246 = 4*x + 2*w, x = -4*w + 2*w + 69. Let v = -56 + x. Suppose 0*l + 2*l = 4*p + 1766, 3*l = v*p + 2643. Is l composite?
True
Let s(p) = p**3 - 7*p**2 - p + 5. Let b be s(7). Let t(a) = 4*a**2 - 2*a - 5. Let i(d) = -d + 1. Let u(g) = b*i(g) + t(g). Is u(9) a prime number?
True
Let o(g) = -8*g**3 - 2*g**2 + 2. Let k be o(-1). Let q(t) = k + 6*t + 12*t**2 - t**3 + 18*t**2 - 34*t**2. Is q(-7) a prime number?
True
Suppose i = 3*z - 22866, 23*i - 15239 = -2*z + 22*i. Is z a prime number?
True
Suppose -q - 2*m + 3 = 0, -q + 4*m - 18 = q. Let x(s) = -48*s**3 - 8*s**2 + 6*s + 7. Is x(q) prime?
True
Suppose 64*z = -38*z + 946254. Is z a composite number?
False
Let z(w) = -2*w + 5. Let u = -53 + 46. Let g be z(u). Suppose 17*r = g*r - 1338. Is r a prime number?
False
Let a be (0 - 4/16) + (-37)/(-4). Suppose a*t - 15*t + 12 = 0. Let w(v) = 103*v**2 + 3*v + 1. Is w(t) a prime number?
True
Is -226742*((-3)/(-2 + 3) - (-145)/58) a composite number?
False
Suppose -13*n + 1274754 = 307463. Is n prime?
False
Is (-24 + (-2120)/(-60))*(2 + 888430/4) prime?
False
Suppose -3*n = 7*n - 325260. Suppose 19*d - 17*d - n = -4*c, 4*d + 2*c = 65022. Is d prime?
True
Let c(p) = p**2 - 16*p - 77. Let f be c(20). Suppose 4*y - 7690 = f*t, -5*y - t + 9601 = t. Is y a composite number?
True
Let i be 3*((-6)/18 - (-58)/6). Suppose -2919 = i*j - 31*j. Is j composite?
True
Is 13566 + -2 + 39/(26/2) prime?
True
Let m be ((-55)/(-44))/((-3)/24). Let f = 13 + m. Is ((-1)/f)/((-7)/1491) a composite number?
False
Suppose 112 - 22 = 5*y. Suppose 13*l = -2*c + y*l + 36779, c = 3*l + 18388. Is c composite?
False
Suppose -4*z = 2*c - 512582, z = -2*c + 2*z + 512607. Is c prime?
True
Suppose 0 = 2*g + 3*g - 10, -g + 4 = i. Suppose -j = 2*l - 3735, i*j + 665 - 8137 = -3*l. Is j a prime number?
True
Let n be (2/(12/(-5834)))/((-32)/(-1344)). Let w = 57597 + n. Is w a prime number?
True
Let c be 6/(6/4 - 0). Suppose 3*x + 379 = 5*u + 7500, -c*x = 2*u - 9512. Suppose -3*p + x = 4*f, -480 = 3*p - 2*f - 2833. Is p composite?
False
Let b = 55441 + -17094. Is b prime?
False
Is 5/10 + (-7521098)/(-52) composite?
True
Let y(m) = -m + 3. Let n be ((-18)/4 + 4)*0. Let q be y(n). Let i(b) = 54*b**2 - 6*b - 1. Is i(q) a prime number?
True
Suppose 0*y - 4*b = 3*y - 147, -b = 0. Suppose y*d - 41*d - 2008 = 0. Is d prime?
True
Let d(s) = 4*s - 1. Let l be d(1). Suppose -l*q - z - 1 = -24, 4*q - 48 = 3*z. Suppose 1657 = q*h - 8*h. Is h a prime number?
True
Suppose 89 = 3*f - 5*u, 2*u + 2 = 2*f - 56. Let m = f + -26. Suppose -o - 4*s + 643 = 0, -o + 115 + 498 = -m*s. Is o a prime number?
False
Suppose -17 = 14*x - 31*x. Let a(i) = 14050*i**3 + 3*i - 2. Is a(x) prime?
True
Suppose -3*x = -3*u + 1269735, 3*x - 1237557 = -3*u + 32178. Is u composite?
True
Let n(t) = 118*t**3 + 11*t**2 - 49*t - 3. Is n(5) prime?
False
Suppose 449107 = 3*j - 2*l - 409120, 2*j + 2*l = 572138. Is j composite?
False
Let w be (128/(-12) - -6)*(-6)/4. Suppose w - 4 = c. Suppose -64 + 2721 = c*f + k, 0 = 5*k + 20. Is f a composite number?
False
Let c(u) = -36 + 21 + 12 + 233*u. Let d be c(1). Suppose q - 63 = d. Is q a composite number?
False
Suppo